(l)?
-6
Let r be 20/(-6)*288/64. Let i(w) = -w**3 - 14*w**2 + 14*w - 9. What is i(r)?
6
Let l(p) be the third derivative of -p**5/60 - 7*p**4/24 - 5*p**3/6 - 77*p**2. What is l(-6)?
1
Suppose 2*t = -t + 3. Let z(g) = 15*g - 2 - 28*g + 20*g + t. Calculate z(2).
13
Let j = -53 + 35. Let t be ((-6)/(-9))/((-4)/j). Suppose 0*o + t*n - 6 = -4*o, o = -2*n - 1. Let i(l) = l**3 - 4*l**2 + 4*l. Determine i(o).
3
Let p(s) = -2*s + 1. Let l(w) = -3*w + 3. Let o be l(3). Let m be (-56)/(-26) + o + (-76)/(-13). Calculate p(m).
-3
Let g(y) = y**3 + 8*y**2 + y + 10. Suppose 0 = -5*z + 1 - 26. Let n be 9/(135/24)*z. Let q be g(n). Let f(j) = -3*j + 2. Calculate f(q).
-4
Let h(i) = 593*i - 1176*i - 4 + i**2 + 588*i. Calculate h(-5).
-4
Let c(t) be the second derivative of -1/12*t**4 + 0*t**3 + 5*t + 3/2*t**2 - 1/20*t**5 + 0. Calculate c(-3).
21
Let r(m) = -80*m + 44*m + 41*m + 3 + 0. What is r(5)?
28
Let w be ((3 - 4) + 1 - -6) + -1. Let l(b) = b**3 - 5*b**2 - 4*b + 11. Calculate l(w).
-9
Let y(g) = -4*g**2 + 12*g + 4. Let c(m) = 11*m**2 - 34*m - 14. Let x(l) = 3*c(l) + 8*y(l). Calculate x(7).
-3
Let g(i) = 1 - 4 + i**3 - 3 + 6*i**2. Let k = -413 - -407. Calculate g(k).
-6
Let m(c) = -c**2 - 4*c - 3. Let p(y) be the first derivative of -y**4/4 - 11*y**3/3 + 2*y - 2. Let q be p(-11). Suppose 0*s = q*s + 8. Calculate m(s).
-3
Let t(r) = -r**2 + 31*r - 1. Let v be t(0). Let b(l) = -4*l**2 + l + 1. What is b(v)?
-4
Let d(a) be the first derivative of a**2/2 - 7*a + 2. Let p be d(4). Let m = -1 + p. Let u(c) = -c**2 - 5*c - 4. What is u(m)?
0
Let m(v) = 3*v**3 + 3*v**2 - 4*v + 3. Let u(y) = y**3 - y + 1. Let g(p) = -m(p) + 4*u(p). Let x be 6/27 - 140/(-180). What is g(x)?
-1
Let q(j) = 3 + 4*j**2 - 8*j**2 - 31*j + 3*j**2 + 29*j. What is q(2)?
-5
Let w(b) = -5 - 7*b + 1 + 4 - b**3 + 8*b**2 - 5. Suppose 0 = 11*d - 66 - 11. Determine w(d).
-5
Let n(q) = q**2 + 5*q + 5. Suppose 0 = 4*w - 2*w - 4. Suppose -f - w*f = -12. Suppose -f*l = -10 + 26. Calculate n(l).
1
Let x be 6/(-18)*-6 + 15/(-9). Let w(z) be the first derivative of -7*z + x*z**3 + 5/2*z**2 + 3. What is w(-6)?
-1
Let j(b) = -7 + 2 - 3*b + 1. Let h be (558/930)/(1/5). What is j(h)?
-13
Let z(w) = -w - 1. Suppose -4*o + 3*s + 7 = 0, -5*o + 0*o = -3*s - 11. Let d be (-1 - -6) + o + -7. Calculate z(d).
-3
Let j = 10 + -8. Suppose -4*d + 0*d - j*s = 2, 10 = -5*d - 5*s. Let p(g) = 39*g. Let m(o) = 13*o. Let f(w) = -8*m(w) + 3*p(w). Determine f(d).
13
Let k(z) be the third derivative of z**5/60 + z**4/4 - z**3/6 - 39*z**2. Determine k(-9).
26
Let v(a) = 13*a + 86. Let h be v(-7). Let u(k) = 0*k - 1 + 2*k + 8. Calculate u(h).
-3
Let x(z) = -z**3 + 5*z**2 + 9*z - 4. Suppose 16 = 2*d + 2*d. Suppose 143 = d*u + 11. Let q = u - 27. Determine x(q).
14
Let w(v) = 7*v**2 + v. Suppose -5 = n, -15*s + 12*s + 5*n + 22 = 0. Determine w(s).
6
Let o(p) = p**2 - 6*p + 3. Let b = -11 - -13. Suppose 2*c - n - 4 = 0, b*c + n = -4*n + 28. What is o(c)?
-5
Suppose -7 - 1 = o - 4*r, -8 = -4*r. Let q(c) = 2*c + 8. Determine q(o).
8
Let k be -1*8/1 - 1. Let n(g) = -g - 4. Calculate n(k).
5
Let m(s) = -48*s - 1 + 2 + 28*s + 21*s. Calculate m(8).
9
Let k(q) = 5*q**2 - 15*q + 20. Let l(x) = -x**2 + 4*x - 5. Let t(p) = 2*k(p) + 9*l(p). Let d = 58 + -64. Give t(d).
-5
Let o(f) = -9*f + 7. Let y(k) = -17*k + 14. Let g(w) = 7*o(w) - 4*y(w). Give g(9).
38
Let n = -38 - -8. Let r = -36 - n. Let a(t) = t + 5. Determine a(r).
-1
Let u(m) = -4*m + 9. Let n(r) = -r + 2. Let g(s) = -5*n(s) + u(s). Let d(c) = -c**3 - 9*c**2 + 9*c - 1. Let b be d(-10). Let f = b + -6. Determine g(f).
2
Suppose -20*y + 2 = -58. Let r(q) = q. Give r(y).
3
Let z = 22 + -17. Let f(i) = i - 4*i - 3 + z*i - 3*i. What is f(5)?
-8
Suppose 2*z + 106 = 4*u + 72, 2*u - 19 = -z. Let f(b) = -3*b + 35. Let y(r) = r - 12. Let p(x) = 2*f(x) + 7*y(x). Calculate p(u).
-5
Let v(j) = 6 + 7*j - j**3 + 2*j - 5*j**2 - j. Suppose 0 = 7*a - 9*a + 36. Suppose 3*i + 3*m = -a, 5*i + 30 = -4*m + 2*m. Determine v(i).
-6
Suppose 97*x + 1 = 98*x. Let h(i) be the third derivative of i**4/6 + i**3/6 + 4*i**2. What is h(x)?
5
Let w(m) = 6*m**3 - 24*m**2 + 19*m - 9. Let x(k) = -7*k**3 + 26*k**2 - 20*k + 8. Let h(l) = -6*w(l) - 5*x(l). What is h(13)?
1
Let b(c) be the second derivative of 0 - 10*c + 1/6*c**3 + 1/2*c**2. Give b(-3).
-2
Let d(b) = -3*b**2 - 23*b - 19. Let h(l) = -2*l**2 - 12*l - 10. Let q(p) = -3*d(p) + 5*h(p). Calculate q(9).
7
Suppose -4*w = -3*w + 2. Let t(q) = 290*q**2 - 12*q - 20. Let o(n) = -106*n**2 + 4*n + 7. Let i(j) = 11*o(j) + 4*t(j). Give i(w).
-19
Let h = 76 + -56. Let p be 12/h + 15/(-25). Let b(k) = -k - 4. Determine b(p).
-4
Let l(f) = 2*f**2 + 5*f**2 + 0*f**2 + 2*f**2 - f**3 + 3. Let s be l(9). Let v(q) = 4*q - q - 2*q - s*q + 8. Give v(6).
-4
Suppose -3*q + 4 - 1 = 2*m, 4*q - 3*m = 4. Suppose 1 = -5*j + 2*h - q, -j + 3*h = -10. Let w(c) = -c + 1. Determine w(j).
3
Let n be 208/(-2) - (-1 + 3). Let r = n - -115. Let z(k) = -k**2 + 9*k + 8. Give z(r).
8
Let o(b) = 2*b**2 - 26399*b + 26397*b + 0*b**2. Determine o(0).
0
Let u be -3*1/(9/(-15)). Let d be u + (2 - (-3 - -4)). Let q(r) = -4 + r - 1 + 0*r. Calculate q(d).
1
Let s(f) be the first derivative of 5/3*f**3 + 6 - 1/4*f**4 - 2*f + 2*f**2. What is s(5)?
18
Let i(u) = -4*u - 4. Let p(n) = -5*n - 5. Let m(w) = 6*i(w) - 5*p(w). Let f = 73 - 74. Give m(f).
0
Let n(h) be the first derivative of -h**3/3 + 8*h**2 - 5*h - 234. Calculate n(15).
10
Let m(d) = -5*d**2 - 3*d - 5. Let x(l) = -l**2 - 1. Let u be 10/3*12/(-10). Let f(k) = u*x(k) + m(k). Let r be (-2)/(-6)*-33 + 8. Calculate f(r).
-1
Let h(z) = -3*z - 7. Suppose 2*u + 10 = u + 5*s, s - 40 = 4*u. Suppose 5*c = -0*c - 10. Let r be c*u*(-3)/12. Determine h(r).
8
Let a(b) be the second derivative of -b**3/3 + b**2/2 + b - 1212. Let l(u) = u. Let g be l(2). Give a(g).
-3
Suppose 4*n - 3*n + 32 = 0. Let u = -15 - n. Suppose 0 = -3*d - 5 + u. Let h(i) = i**3 - 3*i**2 - 6*i + 1. Calculate h(d).
-7
Let z(q) = q**3 - 3*q**2 + 2. Let s be z(3). Let x(i) = 1 + 6*i - i**2 - 8*i - s*i - 2*i. Let h(k) = k**3 - 3*k**2 - 3*k + 4. Let n be h(3). Give x(n).
6
Let c(b) = b - 15. Let d be c(8). Let s(l) = 2*l - 9. Let v(n) = -3*n + 17. Let r be 7 - (3 + -2 + 1). Let u(k) = r*s(k) + 3*v(k). What is u(d)?
-1
Let s = 12 + -14. Let j(i) = -1 + 16*i**2 - 3*i + 0 - 18*i**2 + i**3. Give j(s).
-11
Suppose d - 2*w + 3*w = 6, -5*w + 6 = d. Let a = -2 + -2. Let n be (14/3)/(a/d). Let u(c) = -c**2 - 7*c - 8. What is u(n)?
-8
Let m = -2302 + 27625/12. Let c(l) be the third derivative of m*l**5 + 7*l**2 + 1/6*l**3 + 0*l**4 + 0 + 0*l. Give c(1).
6
Let r(p) = -11*p**2 - 4*p + 13. Let x(u) be the third derivative of u**5/15 + u**4/24 - 2*u**3/3 + 26*u**2. Let k(j) = -3*r(j) - 8*x(j). Calculate k(-5).
-2
Let w = -81 - -85. Let n(p) = -p**3 + 3*p**2 + 7*p - 14. Give n(w).
-2
Let l(w) = 3*w + 9. Let d(y) = 2*y - 2. Let i(a) = -d(a) + l(a). Calculate i(-7).
4
Let y(j) = j**3 - 9*j**2 - 9*j - 4. Let t be y(10). Let g(x) = -2 + t - 1 - x**2 - 4 - 4*x. Let w be g(-3). Let m(h) = -h**3 + 3*h**2 - 2*h. Determine m(w).
0
Let d(n) = 10*n - 76. Let o(z) = -2*z + 15. Let v(b) = -2*d(b) - 11*o(b). Give v(9).
5
Suppose -5*o + x = -9*o + 256, -5*o + 5*x = -345. Let a = -68 + o. Let p(w) be the third derivative of -w**5/30 - w**4/6 + w**3/6 + 2*w**2. Determine p(a).
-5
Let i(z) = z + 3. Let d(n) = -n + 2*n + 0 + 1 - 2. Let h be d(4). What is i(h)?
6
Let m(p) = -29*p + 4. Suppose -2*o = -z - 2, -116*o + z - 6 = -118*o. What is m(o)?
-54
Let k(a) = -2*a**3 + a**2 - a + 1. Let m(c) = -5*c**3 - 7*c**2 - 4*c. Let f(n) = -3*k(n) + m(n). Give f(10).
-13
Let p(t) = -3*t**2 + t - 4. Let x(m) = 2*m**2 - m + 2. Let h(v) = -3*p(v) - 5*x(v). Determine h(-1).
-1
Suppose 0*s + 4*s - 9348 = 0. Let w(z) = 2337 - s + z. Give w(0).
0
Let l(m) = m**3 - 4*m**2 + 4*m - 9. Let n be l(4). Let c(q) = q - 14. Determine c(n).
-7
Let j(z) = -z**2 - 9*z + 7. Let h(u) = 2*u**2 + 18*u - 14. Let x(w) = 4*h(w) + 7*j(w). Give x(-9).
-7
Suppose 5*f - 2*p - 12 = 0, -5*p = -5*f - 4*p + 11. Let i(z) = -3*z + z - 2 + 6*z + 0*z. Give i(f).
6
Let k = 46 + -52. Let g(d) = -9*d**2 + 12*d + 5. Let a(c) = 5*c**2 - 6*c - 3. Let t(i) = -11*a(i) - 6*g(i). Calculate t(k).
3
Let g(r) = -16*r**2 - 65*r - 1. Let z be g(-4). Let t(m) = -2*m**2 + m + 3. Determine t(z).
-12